ime factors of 32528343.
3, 29, 89, 4201
List the prime factors of 133764364.
2, 17, 109, 18047
What are the prime factors of 321945?
3, 5, 13, 127
List the prime factors of 73524160.
2, 5, 229763
What are the prime factors of 798225927?
3, 59, 101, 44651
List the prime factors of 166120836.
2, 3, 7, 251, 7879
What are the prime factors of 1770111578?
2, 885055789
List the prime factors of 12525174.
2, 3, 695843
List the prime factors of 552236199.
3, 191, 963763
List the prime factors of 300295488.
2, 3, 43, 36373
List the prime factors of 1942028069.
23, 631, 133813
List the prime factors of 741973971.
3, 73, 911, 3719
List the prime factors of 729398573.
729398573
List the prime factors of 241276043.
137, 1761139
What are the prime factors of 48191603?
5531, 8713
List the prime factors of 1168783534.
2, 6547, 89261
List the prime factors of 13632118.
2, 43, 293, 541
What are the prime factors of 64922087?
37, 47, 1009
List the prime factors of 160178087.
349, 458963
List the prime factors of 1097215509.
3, 13, 28133731
List the prime factors of 566107292.
2, 47, 3011209
List the prime factors of 2909617446.
2, 3, 43, 227, 49681
List the prime factors of 24330780.
2, 3, 5, 23, 653
List the prime factors of 65157661.
1289, 50549
What are the prime factors of 33192228?
2, 3, 17, 563
List the prime factors of 137367651.
3, 45789217
List the prime factors of 637471560.
2, 3, 5, 11, 43, 1021
What are the prime factors of 46402665?
3, 5, 3093511
List the prime factors of 3286080330.
2, 3, 5, 13, 8425847
What are the prime factors of 562078163?
23, 131, 186551
What are the prime factors of 2957037160?
2, 5, 7, 11, 960077
List the prime factors of 36354511.
73, 317, 1571
What are the prime factors of 333603584?
2, 1303139
What are the prime factors of 64222263?
3, 7, 43, 151, 157
List the prime factors of 713198566.
2, 29, 12296527
List the prime factors of 1494301614.
2, 3, 13, 59, 324707
List the prime factors of 42310755.
3, 5, 104471
What are the prime factors of 249398799?
3, 13, 317, 20173
List the prime factors of 2547000314.
2, 1753, 726469
List the prime factors of 4593630812.
2, 461, 2491123
What are the prime factors of 97637675?
5, 19, 205553
List the prime factors of 158200483.
7, 43, 525583
What are the prime factors of 2783430510?
2, 3, 5, 7, 13254431
List the prime factors of 588620274.
2, 3, 11, 17, 109, 4813
What are the prime factors of 18625611?
3, 6208537
List the prime factors of 1463261801.
19, 149, 516871
List the prime factors of 2452149758.
2, 347, 3533357
List the prime factors of 153059976.
2, 3, 17, 73, 571
What are the prime factors of 48372846?
2, 3, 1901, 4241
List the prime factors of 17582918.
2, 37, 237607
List the prime factors of 1957976342.
2, 7, 139855453
List the prime factors of 121198368.
2, 3, 1262483
What are the prime factors of 1015293531?
3, 7, 23, 2102057
What are the prime factors of 6213163852?
2, 7, 221898709
What are the prime factors of 492906070?
2, 5, 49290607
What are the prime factors of 2253231227?
13, 5011, 34589
What are the prime factors of 176639820?
2, 3, 5, 7, 420571
What are the prime factors of 135554192?
2, 17, 498361
List the prime factors of 4059123947.
33863, 119869
List the prime factors of 1093960322.
2, 7, 13, 67, 103
What are the prime factors of 253176167?
253176167
What are the prime factors of 117795941?
17, 29, 61, 3917
List the prime factors of 76865593.
7, 10980799
What are the prime factors of 278284284?
2, 3, 347, 22277
List the prime factors of 135791902.
2, 71, 956281
List the prime factors of 356640426.
2, 3, 131, 151247
List the prime factors of 1274946129.
3, 101, 467527
List the prime factors of 303479902.
2, 11, 13794541
What are the prime factors of 8376507499?
353, 1483, 16001
List the prime factors of 45307100.
2, 5, 167, 2713
List the prime factors of 5099048164.
2, 7, 19, 89, 107693
List the prime factors of 102007976.
2, 7, 1821571
What are the prime factors of 86378807?
19, 4546253
List the prime factors of 63183044.
2, 15795761
List the prime factors of 110413152.
2, 3, 47, 2719
What are the prime factors of 1254451661?
433, 577, 5021
List the prime factors of 4878925811.
19, 1487, 172687
List the prime factors of 5117992596.
2, 3, 17, 8362733
What are the prime factors of 1088134826?
2, 19, 89, 321743
List the prime factors of 19453924.
2, 7, 694783
What are the prime factors of 2868639715?
5, 31, 401, 46153
List the prime factors of 4634685313.
523, 929, 9539
List the prime factors of 86783928.
2, 3, 7, 11, 151, 311
What are the prime factors of 83222622?
2, 3, 7, 19, 34763
What are the prime factors of 303817893?
3, 2089, 48479
List the prime factors of 3965713401.
3, 13, 269, 378011
What are the prime factors of 15356713?
127, 120919
What are the prime factors of 3839450006?
2, 7, 31, 8846659
List the prime factors of 1688255049.
3, 13, 43288591
What are the prime factors of 1648444369?
11, 13, 11527583
What are the prime factors of 982935567?
3, 23, 149, 3541
What are the prime factors of 453460113?
3, 1866091
List the prime factors of 605768905.
5, 7, 17, 883, 1153
List the prime factors of 227656373.
7, 1471, 22109
What are the prime factors of 1644818?
2, 7, 17, 6911
List the prime factors of 619326462.
2, 3, 887, 116371
What are the prime factors of 1708332038?
2, 7, 23, 89, 59611
What are the prime factors of 695778073?
131, 773, 6871
List the prime factors of 2609978459.
11, 5119, 46351
What are the prime factors of 17812762?
2, 11, 37, 79, 277
What are the prime factors of 2987919342?
2, 3, 165995519
What are the prime factors of 5773201466?
2, 2886600733
What are the prime factors of 55265766?
2, 3, 9210961
List the prime factors of 223259269.
127, 1187, 1481
List the prime factors of 1286390823.
3, 428796941
What are the prime factors of 319605054?
2, 3, 53267509
List the prime factors of 4554959994.
2, 3, 13, 29, 5737
List the prime factors of 346686945.
3, 5, 11, 1123, 1871
What are the prime factors of 486591695?
5, 97318339
What are the prime factors of 1249396286?
2, 31, 2437, 8269
What are the prime factors of 1876867362?
2, 3, 1287289
List the prime factors of 186125916.
2, 3, 113, 317, 433
List the prime factors of 1306052628.
2, 3, 19, 5728301
List the prime factors of 82396133.
211, 390503
List the prime factors of 430211504.
2, 23, 337, 3469
List the prime factors of 37713842.
2, 18856921
What are the prime factors of 824775189?
3, 7, 97, 181, 2237
What are the prime factors of 336107916?
2, 3, 9336331
What are the prime factors of 365393281?
11, 3511, 9461
List the prime factors of 2160921662.
2, 1080460831
List the prime factors of 1527894060.
2, 3, 5, 7, 11, 43, 7691
List the prime factors of 686529.
3, 47, 541
What are the prime factors of 2963326933?
7, 17, 1559, 15973
List the prime factors of 2507126878.
2, 1253563439
List the prime factors of 283684701.
3, 94561567
List the prime factors of 3106166.
2, 7, 127, 1747
What are the prime factors of 254149286?
2, 17, 7474979
List the prime factors of 165408630.
2, 3, 5, 419, 13159
List the prime factors of 1624758022.
2, 17093, 47527
What are the prime factors of 15441569?
11, 13, 83, 1301
List the prime factors of 107139955.
5, 13, 19, 86753
What are the prime factors of 402570154?
2, 7, 31, 281, 3301
What are the prime factors of 602432350?
2, 5, 13, 926819
What are the prime factors of 64838737?
2287, 28351
List the prime factors of 4318877135.
5, 293, 2948039
List the prime factors of 4014741028.
2, 8431, 119047
What are the prime factors of 809735203?
809735203
List the prime factors of 16011737.
7, 19, 131, 919
What are the prime factors of 1883181701?
41, 1787, 25703
What are the prime factors of 5028700730?
2, 5, 4093, 122861
List the prime factors of 121074218.
2, 577, 104917
List the prime factors of 109345222.
2, 7, 89, 127, 691
List the prime factors of 1445600548.
2, 7, 7375513
What are the prime factors of 1536280067?
7, 219468581
List the prime factors of 103958996.
2, 31, 838379
List the prime factors of 102646708.
2, 25661677
What are the prime factors of 338059227?
3, 11, 41, 249859
What are the prime factors of 528998353?
13, 31, 53, 24767
List the prime factors of 1808903.
211, 8573
What are the prime factors of 46636302?
2, 3, 173, 179, 251
What are t